n z(w) is divided by y(-10)?
14
Suppose -q + 3*i + 78 = 0, 4*q + i - 286 = -0*i. Let r = q - 37. Calculate the remainder when r is divided by 19.
16
Let w(q) = 3*q**2 - 8*q + 6. Let i(y) = -5*y - 19. Let u be i(-5). What is the remainder when w(5) is divided by (0 + u/(-15))*(-1 - 34)?
13
Let j be ((-40)/(-32))/(2/24). Suppose 5*x - s + 13 = -0*s, 5*s - 11 = -2*x. What is the remainder when 32 is divided by (-5 - x)*(-55)/j?
10
Let x(j) = -j**2 + 5*j + 200. Calculate the remainder when x(12) is divided by 30.
26
Let x(c) = c**3 - 2*c**2 - c - 1. Calculate the remainder when x(5) is divided by 19.
12
Calculate the remainder when 48 is divided by (54/15)/(22/110).
12
Let a(n) = -n**3 + 7*n**2 + 2*n + 4. Let o be a(7). Let g = o - 13. Suppose 2*c + 131 = g*z + 3*c, -4*c - 16 = 0. What is the remainder when 79 is divided by z?
25
Suppose 5*l = 5*u + 110, 3*l + u = -0*u + 50. Let a(r) = 2 - 19*r + 5 + l*r. What is the remainder when a(-11) is divided by 7?
4
Suppose 20*c - 11731 + 2071 = 0. Calculate the remainder when c is divided by 61.
56
Let l be (22/(-77)*1)/((-1)/7). Let z(c) = c**2 + 2*c. Let j be z(-3). Suppose -j*m + 19 = -l*m. Calculate the remainder when 36 is divided by m.
17
Let d be (-8)/(-3)*(-3)/(-2). Suppose -o = -d*j + 344, -o = 3*j - 4*j + 86. Suppose 5*y - j = 4. What is the remainder when 52 is divided by y?
16
Suppose 105*y + 65 = 110*y. Suppose b = -2*j + 81, 0 = 2*b - 4*j + 3*j - 147. Calculate the remainder when b is divided by y.
10
Calculate the remainder when 446/6 + ((-100)/(-15))/10 is divided by 21.
12
Suppose 0 = -3*y - 3*w + 39, 2*y - 7*y + 2*w = -93. Suppose -2*j - 3*u = -48, 5*u = -4*j - 21 + 121. What is the remainder when j is divided by y?
13
Let u be 17/(-85) - (-2)/10. Suppose u = 2*n - n - 8. What is the remainder when 276/(-4)*(-1)/3 is divided by n?
7
What is the remainder when 37 is divided by (-200)/(-24) - 5/(-3)?
7
Let x be (9 + -2)/((-1)/(-26)). Suppose 4*k - x = -2*g, -4*k - g - 85 = -6*k. Calculate the remainder when k is divided by 1/(5/25)*(5 + -2).
14
Let u(n) = n**2 - 3*n + 16. Calculate the remainder when 82 is divided by u(7).
38
Let m be (-8)/28 - 60/35. What is the remainder when (-58)/(4/(-18)*3) is divided by (-9)/6 - 94/8*m?
21
Let r = -28 + 31. Suppose 3*n - 97 = y, r*y - 2*y = -3*n + 89. Calculate the remainder when n is divided by 16.
15
Let k = -23 - -37. Suppose r = -3*r. Suppose r = -5*j - 67 + 342. What is the remainder when j is divided by k?
13
Let m be 2*1/(2/26). Let q = 30 - m. What is the remainder when 30 is divided by (-204)/(-24) - 2/q?
6
Suppose -3*f = 2*k - 15, -2*k - 13 - 14 = -3*f. Let g = -17 - -50. Calculate the remainder when g is divided by f.
5
Let c = 876 - 864. Suppose -42 = -3*k - v + 13, k - 4*v = 14. What is the remainder when 4/(-18) - (-418)/k is divided by c?
11
Let u = 3 + 2. Suppose 0 = u*v - 21 - 9. What is the remainder when 14 is divided by v?
2
Let i = -33 - -33. Let a = i + 25. What is the remainder when 98 is divided by a?
23
Suppose 5*f - 291 = 549. Suppose 0 = -62*b + 315 + 801. What is the remainder when f/5 - 2/(-5) is divided by b?
16
Let t(y) = y**3 - 5*y**2 + 9*y - 4. What is the remainder when 2 is divided by t(2)?
0
Suppose 821*u = 848*u - 3834. What is the remainder when u is divided by 35?
2
Let t = -137 + 257. Let o be 9/5*t/36. Calculate the remainder when 39 is divided by o/9 - 88/(-12).
7
Suppose 848 = 23*l - 7*l. Calculate the remainder when l is divided by 25.
3
Suppose 2*v = 3*x + 401, 5*x + 604 = 5*v - 2*v. What is the remainder when v is divided by 264/(6 + 2) + -5?
25
Let z be (1/(-5))/(2*1/(-70)). Suppose -13*j = -z*j - 192. Calculate the remainder when j is divided by -1*(1 - 2 - 10).
10
Calculate the remainder when 205 is divided by (19 - 2) + -7 + (-27)/(-9).
10
Let y(p) = 21*p**2 - 4*p - 4. Let z be y(-4). Suppose -9*i + z = -5*i. What is the remainder when i is divided by 15?
12
Let w = -18560 + 18575. Suppose -4*t + 5*a + 372 = 0, t - 60 - 33 = -2*a. Let b = 151 - t. What is the remainder when b is divided by w?
13
Let t = 60 - 15. Let z = -34 + t. What is the remainder when 63 is divided by z?
8
Let s = -110 + 106. Calculate the remainder when (-1 + (-12)/s)*(-154)/(-4) is divided by 9.
5
Suppose -4*r - 3*a = -298, 5*r - 6 - 382 = 4*a. What is the remainder when r is divided by 24?
4
Let p(s) = -s**2 - 27*s - 13. Calculate the remainder when 113 is divided by p(-24).
54
Let f(b) = b**3 + 13*b**2 + 10*b - 6. Let z = 0 - 12. Calculate the remainder when 35 is divided by f(z).
17
Let k = -18 + 14. Let y be (-308)/(-12) - k/12. Suppose -x = -2*m + 3*x + 2, -y = -2*m - 2*x. Calculate the remainder when 25 is divided by m.
7
Suppose 290 + 986 = 29*u. What is the remainder when u is divided by 17?
10
Let w(u) = u**2 + 9*u - 10. Let n be w(-15). Suppose 2*d = 3*f - 37, 7*d = -4*f + 2*d + n. What is the remainder when f is divided by 4/(-10) - 22/(-5)?
3
Suppose -4*x - 1193 = -5*a, x + 92 = 90. What is the remainder when 482 is divided by a?
8
Suppose -4*i = -268 - 224. Suppose 30 = -3*t + i. What is the remainder when t is divided by 7?
3
Let k(m) = -m + 14. Let a = -68 + 76. Calculate the remainder when 55 is divided by k(a).
1
Let w = 23 + -15. Let d(n) = 6*n - 55. Calculate the remainder when w is divided by d(10).
3
Suppose -3*z + 63 = 3*k, 4*z - k = k + 66. Suppose 0 = 5*j - 3*q - z - 65, -2*q = 2. Suppose 4*n = 3*n + 62. Calculate the remainder when n is divided by j.
14
What is the remainder when 58 + (-40)/100 + 3/(-5) is divided by 32?
25
Suppose -l = -3*l + 3*k + 14, -5*k = 5*l - 60. Suppose -l*z + 8*z = 34. What is the remainder when 48 is divided by (5 + -8)*z/3?
14
Let a(d) = -2*d + 8. Let c be a(-4). Suppose 6*j + 250 = c*j. Calculate the remainder when j is divided by 9.
7
Let a = 1855 + -1847. Suppose -4*j + 97 = -27. Calculate the remainder when j is divided by a.
7
What is the remainder when 83 is divided by 7 - 15*(-9)/27?
11
Let p = -751 - -761. What is the remainder when 348 is divided by p?
8
Let w = -163 + 335. Suppose 5*m = 153 + w. Let z = -16 + 33. What is the remainder when m is divided by z?
14
Suppose 6*b - 2 = 8*b, -5*s + 4*b = -184. Calculate the remainder when s is divided by (11/2 - -1)*2.
10
Suppose 0*z + 2*z = 0. Suppose -11 = -r - z. What is the remainder when (30/8)/(60/320) is divided by r?
9
Suppose -5*q + 3*v = -474, -4*v - 158 - 133 = -3*q. What is the remainder when q is divided by 35?
23
Suppose -38 = 4*c - 66. Calculate the remainder when 32 is divided by c.
4
Let o(b) = 119*b + 9. Calculate the remainder when o(1) is divided by 19.
14
Suppose 0 = c - 15 - 22. What is the remainder when c is divided by 3?
1
Suppose 4*p - 143 = -4*x + x, -4*p - 16 = 0. Calculate the remainder when 206 is divided by x.
47
Suppose d - 3*d = 12. Let n be 3/d*(60 + 2). Let m = n - -56. What is the remainder when 98 is divided by m?
23
Suppose -73 + 5725 = 9*s. What is the remainder when s is divided by 70?
68
Let s = 196 - 111. Let b = s - 59. What is the remainder when 448/6 - 2/(-6) is divided by b?
23
Let t(h) = 3*h - 5. Let l be t(6). Suppose -l = -5*u - 48. What is the remainder when 50 is divided by (-4 - u) + (12 - 2)?
11
Suppose 493 = z - 458. What is the remainder when z is divided by 53?
50
Suppose 14*s - 19 = -2*j + 15*s, -4*s - 43 = -5*j. Suppose 0 = -4*z - 0*c - 2*c + 158, 5*z - c = 208. Calculate the remainder when z is divided by j.
8
Let t be (1 + -2 - 3) + 12. Let h(x) = x**3 - 7*x**2 + 2*x + 2. Calculate the remainder when h(t) is divided by 42.
40
Let q(y) = 2*y + 35. Let f be q(-19). Let x(v) = -12*v - 7. What is the remainder when x(f) is divided by 18?
11
Let x = 4 + 4. Suppose 3*d - x*d + 25 = 0. What is the remainder when 59 is divided by d?
4
Let y(w) = -10*w. Let f be y(-20). Suppose -5*q + 0*q = -f. What is the remainder when q is divided by 21?
19
Let z(o) = o**2 - 4*o - 38. Calculate the remainder when z(16) is divided by 31.
30
Let p(g) = 5*g**3 - 3*g**2 + 16*g - 58. What is the remainder when p(3) is divided by 51?
47
Let i be (-12 - -7) + (0 - -6). Suppose -i + 6 = -o, 3*o + 299 = 4*a. Calculate the remainder when a is divided by 25.
21
Suppose 0 = 2*d - 6 - 8. Let f = 66 + -68. What is the remainder when d is divided by ((-50)/(-15))/(f/(-3))?
2
Suppose 35*d - 748 = 18